70
Let k(j) = -j - 8. Let z be k(-10). Suppose w = z*m + 13, 4*w - m - 8 = 30. Calculate the highest common divisor of 27 and w.
9
Suppose -h + 19 = -0*k + 2*k, 4*k - 61 = -3*h. Let o be (-1*(-48 + 2))/((-5)/(-10)). What is the greatest common divisor of h and o?
23
Let g(p) = p**2 + 20*p - 5. Let t be g(-21). Calculate the greatest common factor of 784 and t.
16
Let d be (-1 + (-1)/3)/((-104)/3588). Calculate the highest common factor of d and 1449.
23
Suppose 4368 = 69*n - 17*n. What is the greatest common factor of 132 and n?
12
Let t be (-4)/10 + (-1124)/(-10). Let b be 9/((-9)/2) - 423. Let h be (-1)/6 + b/(-30). Calculate the greatest common divisor of h and t.
14
Let a(y) = 2*y**2 + 12*y + 9. Let b be a(-6). What is the highest common divisor of 24 and b?
3
Suppose -3*r - 41 + 1559 = 0. Suppose s - 572 = r. Let f be (s/(-21))/(2/(-3)). Calculate the greatest common divisor of f and 7.
7
Suppose -3*k - 5*h = 2*k - 450, -3*k = -h - 274. Calculate the greatest common factor of k and 7.
7
Let s(w) = 3*w**2 + 67*w - 14. Let u be s(-23). Calculate the greatest common divisor of u and 496.
16
Suppose 4*n - 12*j - 31 = -11*j, -5*n + 3*j + 30 = 0. What is the highest common factor of 36 and n?
9
Let v = 16 + 54. What is the greatest common factor of 140 and v?
70
Let r(b) = -b**3 - 17*b**2 + b + 22. Let j be r(-17). Suppose -j*h = h - 72. Calculate the greatest common divisor of h and 9.
3
Let m be (2/(-3))/((-3)/162). Suppose 0*b - b - m = -q, -b + 2*q = 41. Let a = b + 45. Calculate the greatest common divisor of 28 and a.
14
Suppose 15 = -4*c - 0*g + g, -c = 4*g + 8. Let z(b) = 32 - 38 + 3*b**2 - 7*b - 4*b**2. Let q be z(c). Calculate the highest common factor of q and 6.
6
Suppose -2*j + 34 = 5*s, -j + 6*j - 51 = -4*s. Suppose -j*g = -1 - 55. What is the greatest common divisor of g and 40?
8
Suppose 264 - 84 = 20*l. Suppose -101 + 29 = -2*f. Calculate the highest common factor of l and f.
9
Let m = -10 - -17. Let b be (14/4 + 1)*-14. Let h be (-4)/(-2)*b/(-2). Calculate the highest common divisor of m and h.
7
Suppose 0 = -68*g + 64*g, 5*h = -3*g + 640. What is the highest common factor of h and 8?
8
Let z be (-5)/((-9)/(-6) + -4). Let l be z - (2 - (3 + 3)). What is the greatest common factor of l and 66?
6
Suppose 5*z - 20 = 85. Let y(p) = -p**3 + 8*p**2 + 2*p - 59. Let l be y(7). Let k be ((-7)/l)/((-11)/1452). What is the highest common factor of k and z?
21
Let g(x) = 6*x - 52. Let s be g(18). What is the highest common factor of 32 and s?
8
Let n be 6 - (-10)/1*26/(-52). Calculate the highest common factor of n and 11.
1
Suppose -f - 13 = 3*u - 1574, -3*u = -4*f - 1556. What is the highest common factor of u and 40?
40
Suppose -1459 + 136 = -7*u. Suppose 4 - 1 = i, 2*x - 4*i - 30 = 0. What is the highest common divisor of x and u?
21
Suppose -178 - 7 = -n. Suppose -k = -i + 4*k + 37, 4*k = 5*i - n. What is the highest common factor of 111 and i?
37
Let z be (-6)/33 - (-11)/((-121)/(-24)). Suppose 3*i + z*f = 15, -2*i + 10 = -5*f - 0. What is the greatest common divisor of 35 and i?
5
Let k = 1767 - 1641. What is the greatest common divisor of k and 154?
14
Let c(d) = -d**2 - 3*d + 75. Let z be c(-10). Calculate the highest common divisor of 1 and z.
1
Let g(y) = 9*y + 10. Let d be g(3). Let o = d + -23. Suppose -3*f + 4*p + 70 = -o, 4*p = 2*f - 52. Calculate the highest common divisor of f and 16.
16
Let r(n) = -41*n**3 + 2 - 133*n**3 - 1. Let x be r(-1). Let y be ((-232)/(-6) - (17 - 14)) + 4/(-6). Calculate the highest common divisor of x and y.
35
Suppose -24*h = -2875 + 763. What is the highest common factor of h and 16?
8
Let a be 4/6 + 452/6. Suppose -4*s = 2*b + 3*b - 45, -2*b = 4*s - 30. Suppose b*l + 57 = 8*l. Calculate the highest common factor of l and a.
19
Let z(o) be the first derivative of 9*o**2/2 - 3*o + 14. Let p be z(2). Calculate the greatest common divisor of 5 and p.
5
Suppose -2*q - 3*n = -99, -3*q + 39 + 108 = 5*n. Calculate the highest common divisor of 18 and q.
18
Let s(b) = 4*b + 46. Suppose -29 = 6*d + 7. Let l be s(d). What is the highest common factor of 22 and l?
22
Suppose -4*o = 0, -6*o - 6 = -z - o. Suppose -4*u - 76 = -z*u. Calculate the greatest common factor of u and 19.
19
Let b = -26 + 63. Calculate the highest common factor of b and 37.
37
Let o be 6/(-4)*8/(-3) + 44. What is the greatest common divisor of 16 and o?
16
Suppose -2*c = 4*q - 172, -2*q + 46 = 4*c - 28. What is the highest common divisor of 81 and q?
9
Suppose 5*k = 2*r - 107, -4*r + 3*k + 83 = -96. Let v = -25 + r. Let j = v + -2. Calculate the highest common factor of 35 and j.
7
Let c = 1390 - 1358. What is the highest common divisor of c and 72?
8
Let a = -55 - -73. Suppose -6 = 5*c + 24. Let b be 174/14 - c/(-14). Calculate the greatest common factor of a and b.
6
Let g = 127 - 103. Calculate the greatest common factor of 24 and g.
24
Suppose 5*v - 937 = 1028. Calculate the greatest common factor of 3 and v.
3
Suppose 15 = -0*q + 3*q, -117 = -2*v - q. Let p = v - 24. Let x = 265 + -261. Calculate the greatest common factor of p and x.
4
Let n be (-43 + -707)*(-2)/6. Calculate the greatest common divisor of n and 60.
10
Let l be 5/(1 - (3 - 3)) + -2. Suppose -2*s + 0*s + 12 = 0. Calculate the greatest common divisor of s and l.
3
Let w = 153 + -88. Suppose 0 = -2*f - 2, -4*j + w = -0*j - f. What is the greatest common factor of 32 and j?
16
Suppose -3*d + 3*z + 642 = 0, 3 - 1 = -z. Let l = -424 + d. Let s = 365 + l. Calculate the highest common factor of s and 17.
17
Suppose 19 = 4*b + y - 6, 4*y + 2 = b. Calculate the greatest common divisor of 363 and b.
3
Let b(w) be the second derivative of w**4/12 - 5*w**3/3 + 2*w**2 + 6*w. Let o be b(8). Let l = 16 + o. What is the highest common divisor of 8 and l?
4
Let y(b) be the third derivative of -b**5/60 + 9*b**4/8 - 13*b**3/3 - 2*b**2 + 11*b. Let r be y(21). Calculate the greatest common divisor of 250 and r.
50
Suppose 5*q - 2*q = 36. Let l = q + -2. Let n(f) = 153*f - 143. Let h be n(1). Calculate the highest common divisor of l and h.
10
Let c be (-2*4/10)/(1/(-70)). Suppose -p + 18 = t, -7*t = -9*t + 3*p + c. Calculate the highest common factor of 88 and t.
22
Suppose -2*a + 5*g - 80 = -6*a, -4*a + 84 = 4*g. Let k be (6/4)/(5/(-20)). Let d = k - -11. Calculate the greatest common factor of d and a.
5
Let y(q) = -17*q**2 - 3*q + 8. Let s(g) = 34*g**2 + 5*g - 15. Let t(v) = 4*s(v) + 7*y(v). Let x be t(2). What is the highest common factor of 93 and x?
31
Suppose 296 - 104 = 2*j. Suppose j = 4*z - 2*v, 2*z - 82 = -z + 4*v. Calculate the greatest common divisor of z and 33.
11
Let i = -117 - -29. Let u be 16/i - 48/(-22). Suppose -4*d + 9 + 3 = 0. What is the highest common factor of d and u?
1
Let i = -30 - -26. Let h be 0 + (0 - i) + 12. Calculate the greatest common divisor of 16 and h.
16
Let o = -153 + 183. What is the highest common divisor of o and 20?
10
Let c = -28 + -3. Let g = 33 + c. What is the highest common factor of 22 and g?
2
Suppose 4*l - 4*h = 24, -4*h = -5*l + 21 + 5. Let t be (6/(-4))/((-1)/l). Suppose -110 = -2*x - t*x. Calculate the highest common factor of x and 154.
22
Let x be -124*((-20)/(-8) - 3). Let h be x - (-5 + 1 + 1). Suppose 0 = -3*k - d - 36 + 114, d - 130 = -5*k. What is the highest common factor of k and h?
13
Let n(w) = 13*w + 458. Let q be n(-35). What is the greatest common factor of 18 and q?
3
Suppose -6*k + 15*k - 63 = 0. Let i be (-2)/4 - (-82)/4. Let n be (3 - 2)*(i + 1). What is the greatest common factor of n and k?
7
Let a = 2351 + -875. Calculate the greatest common factor of 6 and a.
6
Let p = 1318 - 1308. Let u(j) = 5*j - 3. Let g be u(3). Let x = -7 + g. What is the greatest common divisor of x and p?
5
Suppose -2*r = 2*r. Suppose 3*q + r*q - 408 = 0. What is the greatest common divisor of q and 17?
17
Suppose 0 = -11*k + 32*k - 75327. Calculate the highest common factor of k and 17.
17
Let p = 4948 + -4897. Let m(l) = 12*l**3 + 3*l**2 - 2*l - 2. Let y be m(2). What is the greatest common factor of p and y?
51
Let q = 20 + -7. Let i(j) = -112*j - 4923. Let b be i(-45). What is the greatest common divisor of q and b?
13
Suppose 0 = -2*p + 2*k + 278, -4*k + 410 = 28*p - 25*p. What is the highest common factor of p and 9?
3
